at is the ten thousands digit of 1296065828?
6
What is the ten thousands digit of 105520812?
2
What is the millions digit of 62834066?
2
What is the ten thousands digit of 1489987535?
8
What is the tens digit of 361092571?
7
What is the hundreds digit of 944040930?
9
What is the hundred thousands digit of 168885560?
8
What is the units digit of 193943827?
7
What is the units digit of 4711474808?
8
What is the hundreds digit of 2689608546?
5
What is the hundred millions digit of 732510082?
7
What is the hundred thousands digit of 4629535396?
5
What is the hundred thousands digit of 311994172?
9
What is the tens digit of 482935963?
6
What is the tens digit of 292551738?
3
What is the tens digit of 5811810?
1
What is the hundred millions digit of 210317540?
2
What is the millions digit of 10629449?
0
What is the units digit of 63474512?
2
What is the units digit of 600867067?
7
What is the hundreds digit of 714283673?
6
What is the ten millions digit of 46728293?
4
What is the thousands digit of 2008398114?
8
What is the hundreds digit of 1900432308?
3
What is the ten millions digit of 74982362?
7
What is the hundred thousands digit of 2217176230?
1
What is the hundreds digit of 2855626683?
6
What is the millions digit of 144583970?
4
What is the millions digit of 59164520?
9
What is the hundreds digit of 352052021?
0
What is the hundred thousands digit of 498372486?
3
What is the thousands digit of 88652167?
2
What is the millions digit of 762441642?
2
What is the units digit of 998835977?
7
What is the units digit of 3873310739?
9
What is the units digit of 2949392101?
1
What is the units digit of 71480766?
6
What is the millions digit of 626106924?
6
What is the ten millions digit of 208830301?
0
What is the ten millions digit of 73108272?
7
What is the hundred millions digit of 544158165?
5
What is the thousands digit of 296396864?
6
What is the tens digit of 8942877?
7
What is the hundreds digit of 1775403?
4
What is the tens digit of 15904065?
6
What is the hundreds digit of 95846425?
4
What is the hundreds digit of 153898910?
9
What is the millions digit of 734555651?
4
What is the hundred millions digit of 163921531?
1
What is the tens digit of 1976393304?
0
What is the thousands digit of 907109211?
9
What is the tens digit of 1032485442?
4
What is the hundreds digit of 3301632636?
6
What is the hundred millions digit of 822927534?
8
What is the hundred millions digit of 105029513?
1
What is the thousands digit of 595489292?
9
What is the ten thousands digit of 542170705?
7
What is the hundred thousands digit of 507661294?
6
What is the ten thousands digit of 411559593?
5
What is the hundred millions digit of 823081029?
8
What is the hundred thousands digit of 369095694?
0
What is the billions digit of 4760619296?
4
What is the hundred millions digit of 148710736?
1
What is the ten millions digit of 840623828?
4
What is the millions digit of 153147547?
3
What is the millions digit of 148700988?
8
What is the hundred millions digit of 191492884?
1
What is the units digit of 1336573086?
6
What is the ten thousands digit of 32279435?
7
What is the ten thousands digit of 3565825669?
2
What is the thousands digit of 144169595?
9
What is the millions digit of 96463060?
6
What is the units digit of 368789403?
3
What is the ten millions digit of 320518976?
2
What is the billions digit of 3513065340?
3
What is the thousands digit of 227940592?
0
What is the millions digit of 31599382?
1
What is the ten thousands digit of 342961702?
6
What is the millions digit of 885301597?
5
What is the hundred millions digit of 265448482?
2
What is the thousands digit of 261579079?
9
What is the ten millions digit of 359190244?
5
What is the hundreds digit of 815448969?
9
What is the billions digit of 7376309586?
7
What is the ten thousands digit of 497458530?
5
What is the hundreds digit of 72128460?
4
What is the tens digit of 1049663646?
4
What is the hundreds digit of 202160934?
9
What is the units digit of 122665187?
7
What is the units digit of 566467166?
6
What is the thousands digit of 2332731649?
1
What is the hundreds digit of 158601509?
5
What is the tens digit of 43456919?
1
What is the units digit of 368466093?
3
What is the hundred millions digit of 2461672817?
4
What is the ten millions digit of 1821445289?
2
What is the hundred millions digit of 900734757?
9
What is the billions digit of 1854253864?
1
What is the hundreds digit of 46720100?
1
What is the hundreds digit of 315247002?
0
What is the tens digit of 247791209?
0
What is the tens digit of 155678901?
0
What is the millions digit of 83735600?
3
What is the hundreds digit of 1597805971?
9
What is the tens digit of 141117182?
8
What is the tens digit of 33980681?
8
What is the ten millions digit of 1298164562?
9
What is the thousands digit of 350066245?
6
What is the tens digit of 538391349?
4
What is the ten millions digit of 67277783?
6
What is the units digit of 342178159?
9
What is the hundreds digit of 616305670?
6
What is the thousands digit of 2460122386?
2
What is the tens digit of 3104225?
2
What is the tens digit of 1360075117?
1
What is the hundreds digit of 224897847?
8
What is the thousands digit of 182332743?
2
What is the ten millions digit of 50604333?
5
What is the ten thousands digit of 94922017?
2
What is the thousands digit of 2541284714?
4
What is the hundred millions digit of 992637486?
9
What is the ten thousands digit of 3939455427?
5
What is the units digit of 200210819?
9
What is the hundred millions digit of 2248433888?
2
What is the tens digit of 193009756?
5
What is the millions digit of 546812218?
6
What is the hundred thousands digit of 3885862164?
8
What is the hundreds digit of 170425111?
1
What is the units digit of 89484811?
1
What is the hundreds digit of 3353843803?
8
What is the ten thousands digit of 42635503?
3
What is the hundred millions digit of 603327270?
6
What is the units digit of 4101375884?
4
What is the thousands digit of 1215891320?
1
What is the tens digit of 47168723?
2
What is the hundred millions digit of 158747325?
1
What is the tens digit of 716267349?
4
What is the hundred thousands digit of 882838777?
8
What is the ten thousands digit of 687561547?
6
What is the millions digit of 2071764602?
1
What is the tens digit of 694961447?
4
What is the billions digit of 1037460285?
1
What is the ten thousands digit of 73528924?
2
What is the hundred thousands digit of 141210581?
2
What is the ten millions digit of 6561892263?
6
What is the millions digit of 1349127277?
9
What is the hundred millions digit of 786433209?
7
What is the ten thousands digit of 443204002?
0
What is the ten thousands digit of 1405563717?
6
What is the hundred millions digit of 130492070?
1
What is the millions digit of 574476864?
4
What is the hundred millions digit of 191279005?
1
What is the ten millions digit of 4752639745?
5
What is the hundreds digit of 2407332402?
4
What is the millions digit of 16170355?
6
What is the millions digit of 98341629?
8
What is the hundreds digit of 2298350567?
5
What is the thousands digit of 241141857?
1
What is the ten thousands digit of 505057371?
5
What is the hundred thousands digit of 94241892?
2
What is the hundreds digit of 1170399017?
0
What is the tens digit of 714356735?
3
What is the hundreds digit of 406384571?
5
What is the units digit of 30754859?
9
What is the hundred millions digit of 777781901?
7
What is the thousands digit of 130917373?
7
What is the units digit of 203390146?
6
What is the units digit of 87013472?
2
What is the thousands digit of 160716383?
6
What is the ten millions digit of 47229725?
4
What is the millions digit of 87798140?
7
What is the tens digit of 56800607?
0
What is the units digit of 8736734?
4
What is the thousands digit of 4247280388?
0
What is the units digit of 38207796?
6
What is the hundred millions digit of 1494794730?
4
What is the hundreds digit of 98042164?
1
What is the units digit of 308622019?
9
What is the ten millions digit of 11830555?
1
What is the ten thousands digit of 1090143375?
4
What is the ten millions digit of 3919522837?
1
What is the billions digit of 3831410995?
3
What is the hundred thousands digit of 748286915?
2
What is the millions digit of 30937586